eds digit of 1027?
0
What is the ten thousands digit of 36217?
3
What is the tens digit of 85201?
0
What is the hundreds digit of 2768?
7
What is the units digit of 29324?
4
What is the tens digit of 209?
0
What is the tens digit of 3633?
3
What is the units digit of 13348?
8
What is the units digit of 6452?
2
What is the thousands digit of 31110?
1
What is the tens digit of 3002?
0
What is the units digit of 50999?
9
What is the hundreds digit of 765?
7
What is the hundreds digit of 813?
8
What is the tens digit of 719?
1
What is the hundreds digit of 2789?
7
What is the thousands digit of 2778?
2
What is the tens digit of 2252?
5
What is the tens digit of 882?
8
What is the tens digit of 1143?
4
What is the units digit of 2046?
6
What is the units digit of 677?
7
What is the hundreds digit of 889?
8
What is the units digit of 32?
2
What is the units digit of 2635?
5
What is the thousands digit of 40002?
0
What is the hundreds digit of 16614?
6
What is the hundreds digit of 3809?
8
What is the hundreds digit of 16104?
1
What is the thousands digit of 21186?
1
What is the thousands digit of 1834?
1
What is the units digit of 473?
3
What is the hundreds digit of 86642?
6
What is the units digit of 2328?
8
What is the ten thousands digit of 76076?
7
What is the tens digit of 2429?
2
What is the thousands digit of 1318?
1
What is the hundreds digit of 2796?
7
What is the tens digit of 23261?
6
What is the hundreds digit of 675?
6
What is the units digit of 539?
9
What is the hundreds digit of 27138?
1
What is the thousands digit of 33333?
3
What is the thousands digit of 4769?
4
What is the tens digit of 826?
2
What is the tens digit of 2664?
6
What is the thousands digit of 13577?
3
What is the thousands digit of 12687?
2
What is the tens digit of 5418?
1
What is the tens digit of 1593?
9
What is the hundreds digit of 3330?
3
What is the thousands digit of 1392?
1
What is the tens digit of 92?
9
What is the units digit of 498?
8
What is the tens digit of 31?
3
What is the thousands digit of 9988?
9
What is the thousands digit of 1610?
1
What is the tens digit of 227?
2
What is the hundreds digit of 19471?
4
What is the tens digit of 12459?
5
What is the tens digit of 933?
3
What is the hundreds digit of 135?
1
What is the thousands digit of 70472?
0
What is the hundreds digit of 31845?
8
What is the hundreds digit of 6625?
6
What is the ten thousands digit of 29958?
2
What is the thousands digit of 53264?
3
What is the units digit of 163?
3
What is the tens digit of 834?
3
What is the ten thousands digit of 164673?
6
What is the tens digit of 271?
7
What is the thousands digit of 18158?
8
What is the units digit of 4071?
1
What is the thousands digit of 60812?
0
What is the tens digit of 6733?
3
What is the units digit of 110?
0
What is the hundreds digit of 5331?
3
What is the ten thousands digit of 15284?
1
What is the tens digit of 2075?
7
What is the thousands digit of 1737?
1
What is the tens digit of 55996?
9
What is the ten thousands digit of 71371?
7
What is the tens digit of 7970?
7
What is the units digit of 2285?
5
What is the units digit of 263?
3
What is the units digit of 1487?
7
What is the tens digit of 1122?
2
What is the thousands digit of 1310?
1
What is the hundreds digit of 1095?
0
What is the units digit of 16540?
0
What is the thousands digit of 85124?
5
What is the ten thousands digit of 22652?
2
What is the thousands digit of 77682?
7
What is the hundreds digit of 2886?
8
What is the thousands digit of 116685?
6
What is the thousands digit of 1711?
1
What is the hundreds digit of 137637?
6
What is the tens digit of 47136?
3
What is the tens digit of 7527?
2
What is the tens digit of 3358?
5
What is the tens digit of 1119?
1
What is the units digit of 453?
3
What is the units digit of 1125?
5
What is the thousands digit of 34085?
4
What is the hundred thousands digit of 118270?
1
What is the units digit of 15083?
3
What is the thousands digit of 127137?
7
What is the units digit of 64?
4
What is the units digit of 1616?
6
What is the thousands digit of 1874?
1
What is the thousands digit of 3665?
3
What is the tens digit of 5448?
4
What is the units digit of 16945?
5
What is the tens digit of 176?
7
What is the tens digit of 129?
2
What is the tens digit of 9618?
1
What is the tens digit of 5842?
4
What is the units digit of 25944?
4
What is the tens digit of 6472?
7
What is the hundreds digit of 22466?
4
What is the tens digit of 397?
9
What is the units digit of 2626?
6
What is the units digit of 30556?
6
What is the tens digit of 51404?
0
What is the hundreds digit of 1490?
4
What is the units digit of 831?
1
What is the units digit of 4687?
7
What is the thousands digit of 10237?
0
What is the tens digit of 20?
2
What is the units digit of 915?
5
What is the thousands digit of 21722?
1
What is the tens digit of 52684?
8
What is the thousands digit of 6239?
6
What is the ten thousands digit of 39993?
3
What is the tens digit of 34573?
7
What is the tens digit of 8216?
1
What is the hundreds digit of 951?
9
What is the tens digit of 2443?
4
What is the thousands digit of 1628?
1
What is the tens digit of 5679?
7
What is the ten thousands digit of 29674?
2
What is the tens digit of 71167?
6
What is the hundreds digit of 158?
1
What is the hundreds digit of 29851?
8
What is the tens digit of 63999?
9
What is the hundreds digit of 1055?
0
What is the hundreds digit of 40628?
6
What is the tens digit of 3826?
2
What is the tens digit of 1003?
0
What is the hundreds digit of 9588?
5
What is the tens digit of 511?
1
What is the units digit of 13799?
9
What is the units digit of 2938?
8
What is the hundreds digit of 24520?
5
What is the tens digit of 18?
1
What is the thousands digit of 1656?
1
What is the hundreds digit of 354?
3
What is the units digit of 10772?
2
What is the units digit of 44550?
0
What is the tens digit of 2145?
4
What is the units digit of 132065?
5
What is the tens digit of 3149?
4
What is the units digit of 14931?
1
What is the units digit of 134?
4
What is the units digit of 1999?
9
What is the units digit of 46?
6
What is the tens digit of 1775?
7
What is the hundred thousands digit of 150798?
1
What is the thousands digit of 8190?
8
What is the tens digit of 2354?
5
What is the tens digit of 71615?
1
What is the thousands digit of 2659?
2
What is the units digit of 370?
0
What is the tens digit of 76487?
8
What is the units digit of 2456?
6
What is the tens digit of 67452?
5
What is the units digit of 11512?
2
What is the units digit of 5687?
7
What is the hundreds digit of 6321?
3
What is the tens digit of 74?
7
What is the tens digit of 9920?
2
What is the thousands digit of 9030?
9
What is the thousands digit of 24560?
4
What is the hundreds digit of 1288?
2
What is the tens digit of 543?
4
What is the units digit of 603?
3
What is the tens digit of 537?
3
What is the thousands digit of 1578?
1
What is the units digit of 42715?
5
What is the hundreds digit of 696?
6
What is the tens digit of 1019?
1
What is the units digit of 54?
4
What is the units digit of 63252?
2
What is the hundreds digit of 63635?
6
What is the thousands digit of 16693?
6
What is the units digit of 36301?
1
What is the units digit of 36237?
7
What is the ten thousands digit of 20319?
2
What is the hundreds digit of 9944?
9
What is the ten thousands digit of 26652?
2
What is the tens digit of 93010?
1
What is the tens digit of 538?
3
What is the hundreds digit of 20395?
3
What is the tens digit of 6046?
4
What is the tens digit of 3351?
5
What is the units digit of 14229?
9
What is the hundreds digit of 4227?
2
What is the ten thousands digit of 47562?
4
What is the tens digit of 456?
5
What is the units digit of 2178?
8
What is the hundreds digit of 840?
8
What is the tens digit of 17739?
3
What is the units digit of 1123?
3
What is the thousands digit of 29151?
9
What is the thousands digit of 8807?
8
What is the tens digit of 4823?
2
What is the hundreds digit of 303?
3
What is the hundreds digit of 1938?
9
What is the ten thousands digit of 18513?
1
What is the tens digit of 17034?
3
What is the hundreds digit of 379?
3
What is the tens digit of 2306?
0
What is the units digit of 636?
6
What is the hundreds digit of 